{"id":29,"date":"2024-11-19T16:47:42","date_gmt":"2024-11-19T15:47:42","guid":{"rendered":"http:\/\/berliner-modell-tfp.de\/?page_id=29"},"modified":"2025-03-23T09:49:14","modified_gmt":"2025-03-23T08:49:14","slug":"praktische-durchfuehrung","status":"publish","type":"page","link":"http:\/\/berliner-modell-tfp.de\/index.php\/praktische-durchfuehrung\/","title":{"rendered":"Praktische Durchf\u00fchrung"},"content":{"rendered":"\n<p>Die theoretische Weiterbildung im Berliner Modell erstreckt sich \u00fcber 3 Jahre.<\/p>\n\n\n\n<p>Am Anfang steht die Einf\u00fchrung in die Neurosen- und Krankheitslehre, gefolgt von klinisch-praktischen Seminaren. Mit der Teilnahme an einer Balint-Gruppe sowie der Lehrtherapie sollte fr\u00fchzeitig begonnen werden.<\/p>\n\n\n\n<p>Nach dem ersten Halbjahr k\u00f6nnen dann tiefenpsychologisch fundierte Anamnesen erhoben werden.<\/p>\n\n\n\n<p>Im zweiten Jahr findet ein <strong>Zwischenkolloquium<\/strong> statt, wenn mindestens <strong>f\u00fcnf<\/strong> akzeptierte <strong>Anamnesen<\/strong> vorliegen. Danach ist der Beginn von Behandlungen unter laufender Supervision m\u00f6glich.<\/p>\n\n\n\n<p>Bis zum <strong>Abschlusskolloquium<\/strong> sind <strong>sechs<\/strong> Behandlungen \u00fcber insgesamt 240 Stunden (davon <strong>drei<\/strong> mit <strong>jeweils mindestens 50 Stunden<\/strong>) und <strong>18 supervidierte Anamnesen<\/strong> durchzuf\u00fchren.<\/p>\n\n\n\n<p>Die theoretischen und patientenbezogenen Seminare finden in 14-t\u00e4gigem Rhythmus jeweils dienstags um 16.30 Uhr als Online-Seminare via Zoom statt.<\/p>\n\n\n\n<p>Die Anamnesen-Zweitsichten und Behandlungssupervisionen erfolgen in der Regel inner- und au\u00dferklinisch bei einer\/einem der Supervisor:innen des Berliner Modells. Die Behandlungen sollten nach jeder vierten Stunde supervidiert werden. F\u00fcr die einzelnen F\u00e4lle sollten unterschiedliche Supervisor:innen gew\u00e4hlt werden.<\/p>\n\n\n\n<p>Es wird eine kontinuierliche Balint-Gruppe angeboten, an der \u00fcber mindestens 35 Sitzungen teilgenommen werden soll.<\/p>\n\n\n\n<p>Die Lehrtherapie (Einzelsetting und\/oder Gruppensetting) sollte den Weiterbildungsgang kontinuierlich begleiten und findet bei einer\/einem Lehrtherapeut:in oder einer Selbsterfahrungsgruppe statt, der nicht in einem dienstlichen oder sonstigen Abh\u00e4ngigkeitsverh\u00e4ltnis zur Weiterbildungseinrichtung steht. Psychodynamische Selbsterfahrung in der Gruppe k\u00f6nnen sowohl bei den uns verbundenen Gruppenanalytikern oder auf den einschl\u00e4gigen Kongressen erworben werden (zum Beispiel: IAG-Tagung in Altaussee (\u00d6sterreich), Lindauer Psychotherapie-Wochen etc.)<\/p>\n\n\n\n<p>Bei weiterf\u00fchrendem Interesse besteht f\u00fcr die Kandidat:innen die M\u00f6glichkeit, die Weiterbildung als psychoanalytische Ausbildung am<\/p>\n\n\n\n<p><strong>IfP<\/strong><strong> \u2013 Institut f\u00fcr Psychotherapie e.&nbsp;V. Berlin<\/strong><\/p>\n\n\n\n<p>Goerzallee 5<\/p>\n\n\n\n<p>12207 Berlin<\/p>\n\n\n\n<p><a href=\"https:\/\/www.ifp-berlin.de\" target=\"_blank\" rel=\"noreferrer noopener\">https:\/\/www.ifp-berlin.de<\/a><\/p>\n\n\n\n<p>oder am<\/p>\n\n\n\n<p><strong>IPB \u2013 Institut f\u00fcr Psychoanalyse, Psychotherapie und Psychosomatik Berlin e.&nbsp;V.<\/strong><\/p>\n\n\n\n<p>Helgol\u00e4nder Ufer 5<\/p>\n\n\n\n<p>10557 Berlin<\/p>\n\n\n\n<p><a href=\"https:\/\/www.ipb-dpg-berlin.de\/\" target=\"_blank\" rel=\"noreferrer noopener\">https:\/\/www.ipb-dpg-berlin.de<\/a> fortzusetzen. Bereits im Berliner Modell absolvierte Ausbildungsabschnitte werden dabei anerkannt.<\/p>\n","protected":false},"excerpt":{"rendered":"<p>Die theoretische Weiterbildung im Berliner Modell erstreckt sich \u00fcber 3 Jahre. Am Anfang steht die Einf\u00fchrung in die Neurosen- und Krankheitslehre, gefolgt von klinisch-praktischen Seminaren. Mit der Teilnahme an einer Balint-Gruppe sowie der Lehrtherapie sollte fr\u00fchzeitig begonnen werden. Nach dem ersten Halbjahr k\u00f6nnen dann tiefenpsychologisch fundierte Anamnesen erhoben werden. Im zweiten Jahr findet ein Zwischenkolloquium [&hellip;]<\/p>\n","protected":false},"author":1,"featured_media":0,"parent":0,"menu_order":0,"comment_status":"closed","ping_status":"closed","template":"","meta":{"footnotes":""},"class_list":["post-29","page","type-page","status-publish","hentry"],"_links":{"self":[{"href":"http:\/\/berliner-modell-tfp.de\/index.php\/wp-json\/wp\/v2\/pages\/29","targetHints":{"allow":["GET"]}}],"collection":[{"href":"http:\/\/berliner-modell-tfp.de\/index.php\/wp-json\/wp\/v2\/pages"}],"about":[{"href":"http:\/\/berliner-modell-tfp.de\/index.php\/wp-json\/wp\/v2\/types\/page"}],"author":[{"embeddable":true,"href":"http:\/\/berliner-modell-tfp.de\/index.php\/wp-json\/wp\/v2\/users\/1"}],"replies":[{"embeddable":true,"href":"http:\/\/berliner-modell-tfp.de\/index.php\/wp-json\/wp\/v2\/comments?post=29"}],"version-history":[{"count":5,"href":"http:\/\/berliner-modell-tfp.de\/index.php\/wp-json\/wp\/v2\/pages\/29\/revisions"}],"predecessor-version":[{"id":316,"href":"http:\/\/berliner-modell-tfp.de\/index.php\/wp-json\/wp\/v2\/pages\/29\/revisions\/316"}],"wp:attachment":[{"href":"http:\/\/berliner-modell-tfp.de\/index.php\/wp-json\/wp\/v2\/media?parent=29"}],"curies":[{"name":"wp","href":"https:\/\/api.w.org\/{rel}","templated":true}]}}

Praktische Durchführung

<p>Die theoretische Weiterbildung im Berliner Modell erstreckt sich über 3 Jahre.</p>



<p>Am Anfang steht die Einführung in die Neurosen- und Krankheitslehre, gefolgt von klinisch-praktischen Seminaren. Mit der Teilnahme an einer Balint-Gruppe sowie der Lehrtherapie sollte frühzeitig begonnen werden.</p>



<p>Nach dem ersten Halbjahr können dann tiefenpsychologisch fundierte Anamnesen erhoben werden.</p>



<p>Im zweiten Jahr findet ein <strong>Zwischenkolloquium</strong> statt, wenn mindestens <strong>fünf</strong> akzeptierte <strong>Anamnesen</strong> vorliegen. Danach ist der Beginn von Behandlungen unter laufender Supervision möglich.</p>



<p>Bis zum <strong>Abschlusskolloquium</strong> sind <strong>sechs</strong> Behandlungen über insgesamt 240 Stunden (davon <strong>drei</strong> mit <strong>jeweils mindestens 50 Stunden</strong>) und <strong>18 supervidierte Anamnesen</strong> durchzuführen.</p>



<p>Die theoretischen und patientenbezogenen Seminare finden in 14-tägigem Rhythmus jeweils dienstags um 16.30 Uhr als Online-Seminare via Zoom statt.</p>



<p>Die Anamnesen-Zweitsichten und Behandlungssupervisionen erfolgen in der Regel inner- und außerklinisch bei einer/einem der Supervisor:innen des Berliner Modells. Die Behandlungen sollten nach jeder vierten Stunde supervidiert werden. Für die einzelnen Fälle sollten unterschiedliche Supervisor:innen gewählt werden.</p>



<p>Es wird eine kontinuierliche Balint-Gruppe angeboten, an der über mindestens 35 Sitzungen teilgenommen werden soll.</p>



<p>Die Lehrtherapie (Einzelsetting und/oder Gruppensetting) sollte den Weiterbildungsgang kontinuierlich begleiten und findet bei einer/einem Lehrtherapeut:in oder einer Selbsterfahrungsgruppe statt, der nicht in einem dienstlichen oder sonstigen Abhängigkeitsverhältnis zur Weiterbildungseinrichtung steht. Psychodynamische Selbsterfahrung in der Gruppe können sowohl bei den uns verbundenen Gruppenanalytikern oder auf den einschlägigen Kongressen erworben werden (zum Beispiel: IAG-Tagung in Altaussee (Österreich), Lindauer Psychotherapie-Wochen etc.)</p>



<p>Bei weiterführendem Interesse besteht für die Kandidat:innen die Möglichkeit, die Weiterbildung als psychoanalytische Ausbildung am</p>



<p><strong>IfP</strong><strong> – Institut für Psychotherapie e.&nbsp;V. Berlin</strong></p>



<p>Goerzallee 5</p>



<p>12207 Berlin</p>



<p><a href="https://www.ifp-berlin.de" target="_blank" rel="noreferrer noopener">https://www.ifp-berlin.de</a></p>



<p>oder am</p>



<p><strong>IPB – Institut für Psychoanalyse, Psychotherapie und Psychosomatik Berlin e.&nbsp;V.</strong></p>



<p>Helgoländer Ufer 5</p>



<p>10557 Berlin</p>



<p><a href="https://www.ipb-dpg-berlin.de/" target="_blank" rel="noreferrer noopener">https://www.ipb-dpg-berlin.de</a> fortzusetzen. Bereits im Berliner Modell absolvierte Ausbildungsabschnitte werden dabei anerkannt.</p>

<p>Die theoretische Weiterbildung im Berliner Modell erstreckt sich über 3 Jahre. Am Anfang steht die Einführung in die Neurosen- und Krankheitslehre, gefolgt von klinisch-praktischen Seminaren. Mit der Teilnahme an einer Balint-Gruppe sowie der Lehrtherapie sollte frühzeitig begonnen werden. Nach dem ersten Halbjahr können dann tiefenpsychologisch fundierte Anamnesen erhoben werden. Im zweiten Jahr findet ein Zwischenkolloquium [&hellip;]</p>
