{"id":35,"date":"2024-11-19T16:51:25","date_gmt":"2024-11-19T15:51:25","guid":{"rendered":"http:\/\/berliner-modell-tfp.de\/?page_id=35"},"modified":"2026-03-16T17:41:27","modified_gmt":"2026-03-16T16:41:27","slug":"anmeldung","status":"publish","type":"page","link":"http:\/\/berliner-modell-tfp.de\/index.php\/anmeldung\/","title":{"rendered":"Anmeldung"},"content":{"rendered":"\n<p>Ihr Interesse ist geweckt und Sie haben sich f\u00fcr eine Teilnahme entschieden?<\/p>\n\n\n\n<p>Wir freuen uns, Sie pers\u00f6nlich kennenzulernen!<\/p>\n\n\n\n<p class=\"has-black-color has-text-color has-link-color wp-elements-b4b70a2747faa7a2565d4c5776ed47a6\">Bitte f\u00fcllen Sie das <a href=\"http:\/\/berliner-modell-tfp.de\/wp-content\/uploads\/2026\/03\/Anmeldebogen_ausfuellbare-PDF.pdf\" target=\"_blank\" rel=\"noreferrer noopener\">Anmeldeformular<\/a> (gut lesbar) aus,<\/p>\n\n\n\n<p>lassen es von Ihrer\/Ihrem Weiterbildungsbefugten unterschreiben und<\/p>\n\n\n\n<p>senden uns das Anmeldeformular zu:<\/p>\n\n\n\n<p>per Post:&nbsp; Dr. med. Andr\u00e9 Kwalek<\/p>\n\n\n\n<p>&nbsp; Berliner Modell<br>&nbsp; c\/o Privatpraxis Halensee<br>&nbsp; Damaschkestra\u00dfe 21<br>&nbsp; 10711 Berlin<\/p>\n\n\n\n<p>per Telefax:&nbsp; (0 30) 32 64 13 50<\/p>\n\n\n\n<p>per E-Mail:&nbsp; <a href=\"mailto:a.kwalek@privatpraxis-halensee.de\">a.kwalek@privatpraxis-halensee.de<\/a><\/p>\n\n\n\n<p>Innerhalb kurzer Zeit nehmen wir mit Ihnen Kontakt auf zur Vereinbarung eines pers\u00f6nlichen Gespr\u00e4chstermins zum Beginn Ihrer Weiterbildung im Berliner Modell.<\/p>\n\n\n\n<p>Der n\u00e4chste Kurs beginnt im Mai 2026. Gern nehmen wir Ihre Anmeldung entgegen.<\/p>\n","protected":false},"excerpt":{"rendered":"<p>Ihr Interesse ist geweckt und Sie haben sich f\u00fcr eine Teilnahme entschieden? Wir freuen uns, Sie pers\u00f6nlich kennenzulernen! Bitte f\u00fcllen Sie das Anmeldeformular (gut lesbar) aus, lassen es von Ihrer\/Ihrem Weiterbildungsbefugten unterschreiben und senden uns das Anmeldeformular zu: per Post:&nbsp; Dr. med. Andr\u00e9 Kwalek &nbsp; Berliner Modell&nbsp; c\/o Privatpraxis Halensee&nbsp; Damaschkestra\u00dfe 21&nbsp; 10711 Berlin per [&hellip;]<\/p>\n","protected":false},"author":1,"featured_media":0,"parent":0,"menu_order":0,"comment_status":"closed","ping_status":"closed","template":"","meta":{"footnotes":""},"class_list":["post-35","page","type-page","status-publish","hentry"],"_links":{"self":[{"href":"http:\/\/berliner-modell-tfp.de\/index.php\/wp-json\/wp\/v2\/pages\/35","targetHints":{"allow":["GET"]}}],"collection":[{"href":"http:\/\/berliner-modell-tfp.de\/index.php\/wp-json\/wp\/v2\/pages"}],"about":[{"href":"http:\/\/berliner-modell-tfp.de\/index.php\/wp-json\/wp\/v2\/types\/page"}],"author":[{"embeddable":true,"href":"http:\/\/berliner-modell-tfp.de\/index.php\/wp-json\/wp\/v2\/users\/1"}],"replies":[{"embeddable":true,"href":"http:\/\/berliner-modell-tfp.de\/index.php\/wp-json\/wp\/v2\/comments?post=35"}],"version-history":[{"count":13,"href":"http:\/\/berliner-modell-tfp.de\/index.php\/wp-json\/wp\/v2\/pages\/35\/revisions"}],"predecessor-version":[{"id":437,"href":"http:\/\/berliner-modell-tfp.de\/index.php\/wp-json\/wp\/v2\/pages\/35\/revisions\/437"}],"wp:attachment":[{"href":"http:\/\/berliner-modell-tfp.de\/index.php\/wp-json\/wp\/v2\/media?parent=35"}],"curies":[{"name":"wp","href":"https:\/\/api.w.org\/{rel}","templated":true}]}}

<p>Ihr Interesse ist geweckt und Sie haben sich für eine Teilnahme entschieden?</p>



<p>Wir freuen uns, Sie persönlich kennenzulernen!</p>



<p class="has-black-color has-text-color has-link-color wp-elements-b4b70a2747faa7a2565d4c5776ed47a6">Bitte füllen Sie das <a href="http://berliner-modell-tfp.de/wp-content/uploads/2026/03/Anmeldebogen_ausfuellbare-PDF.pdf" target="_blank" rel="noreferrer noopener">Anmeldeformular</a> (gut lesbar) aus,</p>



<p>lassen es von Ihrer/Ihrem Weiterbildungsbefugten unterschreiben und</p>



<p>senden uns das Anmeldeformular zu:</p>



<p>per Post:&nbsp; Dr. med. André Kwalek</p>



<p>&nbsp; Berliner Modell<br>&nbsp; c/o Privatpraxis Halensee<br>&nbsp; Damaschkestraße 21<br>&nbsp; 10711 Berlin</p>



<p>per Telefax:&nbsp; (0 30) 32 64 13 50</p>



<p>per E-Mail:&nbsp; <a href="mailto:a.kwalek@privatpraxis-halensee.de">a.kwalek@privatpraxis-halensee.de</a></p>



<p>Innerhalb kurzer Zeit nehmen wir mit Ihnen Kontakt auf zur Vereinbarung eines persönlichen Gesprächstermins zum Beginn Ihrer Weiterbildung im Berliner Modell.</p>



<p>Der nächste Kurs beginnt im Mai 2026. Gern nehmen wir Ihre Anmeldung entgegen.</p>

<p>Ihr Interesse ist geweckt und Sie haben sich für eine Teilnahme entschieden? Wir freuen uns, Sie persönlich kennenzulernen! Bitte füllen Sie das Anmeldeformular (gut lesbar) aus, lassen es von Ihrer/Ihrem Weiterbildungsbefugten unterschreiben und senden uns das Anmeldeformular zu: per Post:&nbsp; Dr. med. André Kwalek &nbsp; Berliner Modell&nbsp; c/o Privatpraxis Halensee&nbsp; Damaschkestraße 21&nbsp; 10711 Berlin per [&hellip;]</p>
